rs of n(a)?
509
Let c = -82 - -91. Suppose -c*o + 4197 = 183. What are the prime factors of o?
2, 223
Suppose -5*k + o + 128254 = 0, -34043 - 17273 = -2*k + 2*o. What are the prime factors of k?
13, 1973
Let p(f) = -18*f + 47. Let r = -134 + 115. What are the prime factors of p(r)?
389
Let s(l) = 62 + 5*l**2 - l**3 + 9*l + 3*l**2 + 0*l**3 - 53. What are the prime factors of s(7)?
11
Let f(p) = 2*p**2 + 24*p - 12. Let c be f(-12). Let t be -21*c/2*8/56. Suppose -2*h + t = 4*i, 7*h + 4*i - 48 = 3*h. What are the prime factors of h?
3, 5
Let a(w) = 24*w + 5. Let x(g) = 41 - 35 + 29*g - 5*g. Let v(u) = 5*a(u) - 4*x(u). What are the prime factors of v(5)?
11
Let m be (1/2)/(164/(-56) + 3). Suppose -m*w = -549 - 340. What are the prime factors of w?
127
Let h = -44468 - -72428. What are the prime factors of h?
2, 3, 5, 233
Suppose 5*q + 6*f - 4414 = 8*f, 3*f + 6 = 0. List the prime factors of q.
2, 3, 7
List the prime factors of (-3 + (73 - -4))/(5/30).
2, 3, 37
Let p(z) = -360*z + 1052. List the prime factors of p(-34).
2, 3323
Suppose -9*z + 5*z = -3*l + 53107, 2*z = 3*l - 53105. List the prime factors of l.
31, 571
Let s be (-5)/15*(0 - 6). Suppose 0 = -9*t + s*t + 21. Suppose t = -3*o, -2*o - 64 = -v + 48. List the prime factors of v.
2, 5, 11
Let l = 20342 - 2835. What are the prime factors of l?
7, 41, 61
Suppose -3*v - 2*y + 11 = -14, -2*v + 3*y = 5. Let z be 18/((0 + 0 - 0) + 2). Suppose -4*d = v*j + 3, 2*d - 3*d - 4*j - z = 0. List the prime factors of d.
3
Let m(t) = 12*t + 72. Let y be m(-6). Suppose y = 5*a - 2*q - 1629, -2*a = 2*q - q - 648. List the prime factors of a.
5, 13
Suppose 435*h - 24 = 437*h. List the prime factors of 2/(13/((-90714)/h)).
1163
Suppose 0 = 8*o - o + 7. Let d be (-5 - -3)/(-1) - o. Suppose 0 = 4*h + d*k - k - 46, 11 = 2*h - 3*k. List the prime factors of h.
2, 5
Let p(f) = 2205*f**2 + 33*f - 14. List the prime factors of p(-2).
2, 5, 19, 23
Let b = -5852 - -44670. What are the prime factors of b?
2, 13, 1493
Suppose 5*s - 5*k - 4970 = 0, 2*s = 353*k - 356*k + 1978. What are the prime factors of s?
2, 31
Let d(t) be the first derivative of t**4/2 + 25*t**3/3 + 3*t**2/2 + 3*t + 7. Let b be d(-12). Let c = b + -76. What are the prime factors of c?
5, 7
Suppose -n + 4*d = -229, 598 = 4*n - 2*d - 290. List the prime factors of n + ((-6)/(-1) - 4).
223
Let m = -46 + 52. List the prime factors of 4 + (9/(-27) - (-1682)/m).
2, 71
Suppose i + 4*o - 34 = -2*i, 4*o = 4*i - 36. Suppose -4*m + 8*d - i*d = -3256, 2*m + 5*d = 1644. List the prime factors of m.
2, 7, 29
Let m = 111308 - 66084. List the prime factors of m.
2, 5653
Suppose 0 = -5*k + 3 + 17. Suppose 0 = k*b + t + 8, -b - 4*t = 12 - 10. Let q = 116 + b. What are the prime factors of q?
2, 3, 19
Let r be 2/2*(45/(-5) - -9). What are the prime factors of 666 - (1 + r)/((-1)/5)?
11, 61
Suppose -3*z - l + 68797 = 0, 3*z - 47837 = 4*l + 20940. List the prime factors of z.
23, 997
Let v(s) = -s**2 - 3*s - 2. Let n be v(-1). Suppose 7*w + 41 - 552 = n. List the prime factors of -2 + 1 + -2 - (1 - w).
3, 23
Let h be (-4)/(-5 + 7 + -4). Suppose 0 = 2*p - p + 5*j - 75, 0 = 2*p - h*j - 102. List the prime factors of p.
5, 11
Let h be -2*2/(14/6 + -1). Let g = h - -21. What are the prime factors of ((-12)/g)/(-2 - 35/(-18))?
2, 3
Suppose -75 - 37 = 4*i. Suppose 5*o - 2*q - 235 - 21 = 0, 3*q = 5*o - 259. Let t = i + o. List the prime factors of t.
2, 11
Suppose 7166 = 4*g + s, -7154 = -4*g + 6*s - s. Suppose -g = -7*d + 442. List the prime factors of d.
11, 29
Let l(b) = -12*b + 6*b**2 - 5*b**2 - 1 - 8 + 0. Let s be l(13). Suppose 105 = 4*o - w, -s*o - 5*w = -o - 50. List the prime factors of o.
5
Suppose 0 = 4*x + x. Let l be -1 + x/3 - -1. Suppose 4*u - 4 = 0, l*o = 4*o - 5*u - 295. List the prime factors of o.
3, 5
What are the prime factors of ((-205674)/(-126))/((-3)/(-18))?
2, 59, 83
Let j(w) = -w**2 + 9*w + 7. Let g be j(9). Suppose -11 = -l - g. List the prime factors of (-679)/(-14) - 2/l.
2, 3
Let c(d) = d**3 + 34*d**2 + 41*d - 228. What are the prime factors of c(-31)?
2, 173
List the prime factors of (-60 - 26)*2/(24/(-5802)).
43, 967
Let p(b) = b**3 - 2*b. Let a be p(0). Suppose a = 3*v - 2*v - 10. Let j(g) = 2*g**2 - 12*g + 12. What are the prime factors of j(v)?
2, 23
Suppose -c = 8*c - 81. Suppose -12*u + c*u + 1833 = 0. What are the prime factors of u?
13, 47
Let g(h) be the second derivative of -h**3/6 + 5*h**2/2 + 11*h. Let t be g(2). Suppose -w + u + 79 = -0*w, t*w - u - 233 = 0. List the prime factors of w.
7, 11
What are the prime factors of (103400/18095)/(0 - (-1)/8491)?
2, 5, 1213
Let m(r) = -r**3 - 22*r**2 - r - 17. Let g be m(-22). Suppose 0*z + 5*u - 1010 = -g*z, -8 = -2*u. List the prime factors of z.
2, 3, 11
Suppose -35*c = 21*c - 185192. List the prime factors of c.
3307
Suppose 5*c - 4 = 3*d, -d = -5*c + 15 - 7. Suppose d*r + 1460 = 6*r. List the prime factors of r.
5, 73
Let u(j) = j**2 + 3*j + 61. Let w(n) = 4*n**2 + 8*n + 10. Let h be w(-3). List the prime factors of u(h).
13, 47
Let s = 90 - 84. Let u(t) = 5*t**3 + 13*t**2 - 12*t - 32. Let x(j) = 6*j**3 + 13*j**2 - 11*j - 31. Let d(z) = s*x(z) - 7*u(z). List the prime factors of d(12).
2, 5, 11
Let i(c) = -6*c**2 - 2*c**2 - 3 - 9*c**2 - 1. Let n be i(-2). Let j = -65 - n. List the prime factors of j.
7
Suppose 8*z - 58 = 30. Suppose -3*d = -z*b + 6*b + 6066, -2*b = 3*d - 2418. List the prime factors of b.
2, 3, 101
Let o be (6 - 1 - (-217)/(-35))*165. Let c = 301 - o. What are the prime factors of c?
499
Let k(c) = c**3 - c**2 - 4*c + 4. Let z = -95 + 98. Let t be k(z). List the prime factors of 8/t*(2 + (-392)/(-4)).
2, 5
Let a = -373 + 841. Suppose -i + a = -3*v, 0 = 2*v + 3 + 1. List the prime factors of i.
2, 3, 7, 11
Let n(v) = v**3 - 3*v**2 - 3*v. Let l = -67 - -70. Let y be n(l). Let c = 67 - y. What are the prime factors of c?
2, 19
Suppose -49043 = 4*r - 75011. List the prime factors of r.
2, 3, 541
Suppose 81 = 6*u - 63. Let m(y) = 9*y - 59. Let f be m(u). Suppose f = 4*o - d - 146, 5*d = -4*o + 333. What are the prime factors of o?
7, 11
Let s(f) = 5*f**3 - 8*f**2 - 9*f + 26. Suppose 2*k - 4 = 8. List the prime factors of s(k).
2, 191
Let i = 3715 + -1315. What are the prime factors of i?
2, 3, 5
Suppose 63*c - 1477181 - 69784 = 0. List the prime factors of c.
3, 5, 1637
Let s(o) = -51*o**3 + 6*o + 1088*o**2 + o + 18 - 1089*o**2. List the prime factors of s(-2).
2, 3, 17
Let m(x) = 9*x - 40. Let t be m(4). List the prime factors of 206 + t*(-3)/(-6).
2, 3, 17
Let t be ((-6492)/16 + 2)*(2 + 6). Let b = -5064 - t. List the prime factors of (b/70)/((-2)/10).
131
Suppose 2*f + 2*g = 42688, -f - 29*g = -27*g - 21347. What are the prime factors of f?
21341
Let a be (9/6*-3 + 4)*-66. Suppose a*j - 1407 = 12*j. List the prime factors of j.
67
Let n(i) = -21*i**3 + 20*i**2 + 9*i - 65. What are the prime factors of n(-8)?
3, 5, 13, 61
Let p(k) = 2*k - 22. Let l be (3/2)/((-1)/(-4)). Let d be p(l). Let m(f) = -8*f - 6. What are the prime factors of m(d)?
2, 37
Suppose 19*p + 25351 = 104581. List the prime factors of p.
2, 3, 5, 139
Let x(o) = o + 6. Let c be x(9). Let h = 18 - c. Suppose 90 = 4*j + 3*v, 0 = 4*j + h*v - 4*v - 98. What are the prime factors of j?
2, 3
Let x(f) = -f**3 - 8*f**2 + 8. Let p be x(-8). Suppose 0*v = -p*v. List the prime factors of 0 - (v/3 - 29).
29
Let t(g) = 16*g - 75. Let l be t(5). Suppose -3*s + 1014 = -w, -l*s + 1690 = -0*w - 4*w. What are the prime factors of s?
2, 13
Suppose -206*l = -209*l - 15. List the prime factors of -2 + l + 9 + 117.
7, 17
Suppose 2*t - 44676 = -l, 5*t + 62 - 37 = 0. What are the prime factors of l?
2, 22343
Let i(j) = j**2 - 3*j - 2. Let c be i(-1). Suppose -7*h = c*h. What are the prime factors of 1/((-2)/(-262) + h)?
131
Let g = 93 + -227. Suppose 3*z - 251 = 4*p, -8 = 5*p - p. Let m = z - g. List the prime factors of m.
5, 43
Suppose 3*z = -2*j + 215, -37 = -z + 3*j + 53. Let c = -49 + z. What are the prime factors of c?
2, 13
Let z = -63 - -79. Suppose -z = -12*o + 44. Let n = o + 18. List the prime factors of n.
23
Let m(k) = -539*k + 7. Let c be m(-1). Suppose -2*f = c - 1646. Let t = f - 390. List the prime factors of t.
2, 5
Suppose -39*i + 36*i + 108 = 0. Suppose i = -3*l + 12. What are the prime factors of (-231)/(-1